{"id":348,"date":"2017-11-19T02:52:35","date_gmt":"2017-11-19T02:52:35","guid":{"rendered":"http:\/\/richardsmotelentertainment.com\/fr\/?post_type=tribe_events&#038;p=348"},"modified":"2017-11-25T21:24:10","modified_gmt":"2017-11-25T21:24:10","slug":"mario-pelchat","status":"publish","type":"tribe_events","link":"https:\/\/richardsmotelentertainment.com\/fr\/event\/mario-pelchat\/","title":{"rendered":"Mario Pelchat"},"content":{"rendered":"<p>Originaire du Qu\u00e9bec au Canada,\u00a0MARIO PELCHAT, a consacr\u00e9 toute sa carri\u00e8re \u00e0 la chanson francophone. C\u2019est en 1973 qu\u2019il monte sur sc\u00e8ne pour la premi\u00e8re fois, \u00e0 partir de cet instant, la passion de chanter ne le quittera plus. R\u00e9cipiendaire de plusieurs r\u00e9compenses dont interpr\u00e8te masculin de l\u2019ann\u00e9e, album de l\u2019ann\u00e9e et spectacle de l\u2019ann\u00e9e et d\u2019autant de disques d\u2019or et de platine au Canada,\u00a0MARIO\u00a0a c\u00e9l\u00e9br\u00e9 en 2011, 30 ans de m\u00e9tier marqu\u00e9s par le succ\u00e8s sur disque et sur sc\u00e8ne. C\u2019est en septembre 1981 que\u00a0MARIO PELCHAT\u00a0enregistre un premier 45 tours qui donnera le coup d\u2019envoi \u00e0 sa carri\u00e8re.<\/p>\n","protected":false},"excerpt":{"rendered":"<p>Originaire du Qu\u00e9bec au Canada,\u00a0MARIO PELCHAT, a consacr\u00e9 toute sa carri\u00e8re \u00e0 la chanson francophone. C\u2019est en 1973 qu\u2019il monte sur sc\u00e8ne pour la premi\u00e8re fois, \u00e0 partir de cet [&hellip;]<\/p>\n","protected":false},"author":1,"featured_media":344,"template":"","meta":{"_et_pb_use_builder":"","_et_pb_old_content":"","_et_gb_content_width":"","_monsterinsights_skip_tracking":false,"_monsterinsights_sitenote_active":false,"_monsterinsights_sitenote_note":"","_monsterinsights_sitenote_category":0,"_tribe_events_status":"","_tribe_events_status_reason":"","footnotes":""},"tags":[],"tribe_events_cat":[],"class_list":["post-348","tribe_events","type-tribe_events","status-publish","has-post-thumbnail","hentry"],"_links":{"self":[{"href":"https:\/\/richardsmotelentertainment.com\/fr\/wp-json\/wp\/v2\/tribe_events\/348","targetHints":{"allow":["GET"]}}],"collection":[{"href":"https:\/\/richardsmotelentertainment.com\/fr\/wp-json\/wp\/v2\/tribe_events"}],"about":[{"href":"https:\/\/richardsmotelentertainment.com\/fr\/wp-json\/wp\/v2\/types\/tribe_events"}],"author":[{"embeddable":true,"href":"https:\/\/richardsmotelentertainment.com\/fr\/wp-json\/wp\/v2\/users\/1"}],"version-history":[{"count":2,"href":"https:\/\/richardsmotelentertainment.com\/fr\/wp-json\/wp\/v2\/tribe_events\/348\/revisions"}],"predecessor-version":[{"id":389,"href":"https:\/\/richardsmotelentertainment.com\/fr\/wp-json\/wp\/v2\/tribe_events\/348\/revisions\/389"}],"wp:featuredmedia":[{"embeddable":true,"href":"https:\/\/richardsmotelentertainment.com\/fr\/wp-json\/wp\/v2\/media\/344"}],"wp:attachment":[{"href":"https:\/\/richardsmotelentertainment.com\/fr\/wp-json\/wp\/v2\/media?parent=348"}],"wp:term":[{"taxonomy":"post_tag","embeddable":true,"href":"https:\/\/richardsmotelentertainment.com\/fr\/wp-json\/wp\/v2\/tags?post=348"},{"taxonomy":"tribe_events_cat","embeddable":true,"href":"https:\/\/richardsmotelentertainment.com\/fr\/wp-json\/wp\/v2\/tribe_events_cat?post=348"}],"curies":[{"name":"wp","href":"https:\/\/api.w.org\/{rel}","templated":true}]}}

<p>Originaire du Québec au Canada, MARIO PELCHAT, a consacré toute sa carrière à la chanson francophone. C’est en 1973 qu’il monte sur scène pour la première fois, à partir de cet instant, la passion de chanter ne le quittera plus. Récipiendaire de plusieurs récompenses dont interprète masculin de l’année, album de l’année et spectacle de l’année et d’autant de disques d’or et de platine au Canada, MARIO a célébré en 2011, 30 ans de métier marqués par le succès sur disque et sur scène. C’est en septembre 1981 que MARIO PELCHAT enregistre un premier 45 tours qui donnera le coup d’envoi à sa carrière.</p>

<p>Originaire du Québec au Canada, MARIO PELCHAT, a consacré toute sa carrière à la chanson francophone. C’est en 1973 qu’il monte sur scène pour la première fois, à partir de cet [&hellip;]</p>
